Determine d(-26).
-7
Let p(l) = l**3 + 57*l**2 + 546*l + 292. Give p(-45).
22
Let v(d) = -d**2 - 64*d - 1021. Determine v(-35).
-6
Let d(q) = 2*q**3 - 53*q**2 - 55*q + 757. What is d(27)?
1
Let j(p) = -296*p + 7. Give j(0).
7
Let x(p) = p**3 + 54*p**2 - 90*p - 1928. Give x(-55).
-3
Let j(f) = f**2 + 34*f - 2. Give j(-8).
-210
Let q(s) = s**2 - 3*s - 27. Give q(-3).
-9
Let x(o) = 204*o - 491. What is x(2)?
-83
Let h(u) = 680*u + 11565. Calculate h(-17).
5
Let g(v) = 15*v - 204. Determine g(-18).
-474
Let k(n) = n**3 + 5*n**2 + 15*n + 4. What is k(0)?
4
Let d(l) = 65*l + 5124. Give d(-79).
-11
Let t(a) = -a**2 + 194*a - 9233. Calculate t(110).
7
Let c(d) = -4*d**3 + 46*d**2 + 84*d - 69. Give c(13).
9
Let p(k) = -279*k - 624. What is p(-5)?
771
Let g(k) = 218*k + 5012. Give g(-23).
-2
Let k(u) = -u**2 + 16*u + 104. Calculate k(17).
87
Let l(g) = -5625*g - 11264. What is l(-2)?
-14
Let a(b) = -81*b**2 - 15*b + 6. What is a(1)?
-90
Let i(s) = -s**2 - 48*s - 481. What is i(-16)?
31
Let p(y) = -3877*y - 11633. Give p(-3).
-2
Let u(a) = -24*a**2 - 118*a + 1. What is u(-5)?
-9
Let u(g) = -4*g**2 - 16*g - 4. What is u(-8)?
-132
Let s(z) = 9*z**2 + 29*z + 28. Calculate s(-1).
8
Let y(f) = -f**3 - 44*f**2 + 413*f - 393. Calculate y(7).
-1
Let i(y) = y**2 - y - 12. What is i(5)?
8
Let s(o) = 2*o - 24. Give s(2).
-20
Let c(j) = -j**2 + 619*j - 71601. Calculate c(154).
9
Let h(n) = 6*n**2 + 4*n - 17. Calculate h(5).
153
Let i(m) = -m**3 + 6*m**2 - 615*m + 3681. Give i(6).
-9
Let b(d) = -33*d**3 - 12*d**2 - 34*d - 24. Calculate b(-1).
31
Let n(h) = h**2 + 71*h + 268. What is n(-4)?
0
Let v(z) = z**3 - 66*z**2 + 937*z + 364. What is v(45)?
4
Let h(a) = -56*a - 79. Calculate h(-1).
-23
Let g(t) = -t**2 - 43*t + 163. Calculate g(-41).
245
Let v(d) = d**2 - 16*d - 328. Determine v(26).
-68
Let o(p) = 2*p**3 - 28*p**2 + 15*p - 181. Calculate o(14).
29
Let k(r) = -r**2 - 29*r + 40. Determine k(-17).
244
Let i(s) = -4*s + 30. What is i(-18)?
102
Let v(a) = -2*a**2 + 186*a - 3602. Give v(66).
-38
Let c(o) = 7*o**3 + o**2 + 170*o + 169. What is c(-1)?
-7
Let m(j) = -j**3 - 8*j**2 + 3*j - 6. Calculate m(-7).
-76
Let p(f) = 8*f + 3. Give p(1).
11
Let d(q) = 2*q**3 - 145*q**2 - 69*q - 340. Calculate d(73).
-48
Let s(y) = 8*y + 205. What is s(-16)?
77
Let s(o) = 4*o**3 + 141*o**2 + 424*o + 253. Give s(-32).
-3
Let r(x) = -x**3 + 33*x**2 - 96*x + 218. What is r(30)?
38
Let t(h) = -230*h - 459. Determine t(-2).
1
Let t(j) = -199*j - 12546. What is t(-63)?
-9
Let v(t) = -t**3 - 57*t**2 + 325*t - 73. What is v(5)?
2
Let y(g) = -171*g - 44. Calculate y(0).
-44
Let k(v) = v**3 - 16*v**2 + 36*v - 45. Give k(15).
270
Let u(l) = l**3 + 2*l**2 - 138*l + 7. Give u(0).
7
Let j(y) = -169*y - 2705. Calculate j(-16).
-1
Let i(z) = -z**2 - 42*z - 280. Calculate i(-33).
17
Let g(c) = -469*c - 1746. Determine g(-4).
130
Let q(r) = r**2 + 45*r - 1815. What is q(26)?
31
Let w(g) = 2*g**3 + 22*g**2 - 207*g + 24. Calculate w(6).
6
Let v(a) = a**3 - 9*a**2 - 36*a + 8. What is v(13)?
216
Let f(h) = 11*h**2 + 47*h + 28. What is f(-4)?
16
Let p(z) = -3*z**3 - 107*z**2 + 29*z - 237. Calculate p(-36).
15
Let t(h) = -1005*h - 71359. Calculate t(-71).
-4
Let k(o) = 13*o + 10. Calculate k(-14).
-172
Let n(t) = t**2 + 167*t + 6056. What is n(-114)?
14
Let m(y) = -2*y**2 - 106*y - 1267. Calculate m(-39).
-175
Let l(k) = k**3 + 9*k**2 - 108*k + 94. What is l(-16)?
30
Let l(r) = -4*r**3 + 4*r**2 + 3*r + 2. Determine l(0).
2
Let n(i) = 34*i**2 + 11*i - 21. Calculate n(3).
318
Let t(d) = d**3 - 30*d**2 - 69*d + 72. Give t(32).
-88
Let a(t) = 2*t**3 + 2*t**2 - 19*t + 18. What is a(-4)?
-2
Let s(o) = 575*o - 13805. Give s(24).
-5
Let g(i) = -i**3 - 59*i**2 + 256*i + 177. Determine g(-63).
-75
Let p(q) = 2933*q + 17598. Determine p(-6).
0
Let u(q) = -384*q + 2718. Give u(7).
30
Let k(f) = -f**2 + 18*f + 299. Calculate k(27).
56
Let m(x) = -303*x + 954. Give m(3).
45
Let p(m) = 3*m**3 - 24*m**2 - 49*m + 204. Give p(9).
6
Let b(h) = 406*h + 2059. Determine b(-5).
29
Let x(p) = 6*p**2 + 218*p + 81. Determine x(-36).
9
Let d(o) = 31*o - 804. What is d(27)?
33
Let x(d) = -d**2 + 126*d - 1378. Determine x(12).
-10
Let v(x) = -3*x**3 - 32*x**2 - 82*x - 14. Calculate v(-6).
-26
Let u(w) = -26*w**2 - 176*w + 63. Calculate u(-7).
21
Let x(p) = -37*p + 782. Determine x(21).
5
Let j(d) = -d**2 - 38*d + 1666. Give j(26).
2
Let u(x) = 3*x**2 + 16*x - 154. What is u(-15)?
281
Let q(w) = -w**3 - 5*w**2 - 10*w + 17. Give q(-5).
67
Let b(h) = -h**2 - 71*h - 756. What is b(-58)?
-2
Let p(f) = -220*f**2 + 42*f + 42. What is p(-1)?
-220
Let b(a) = -4*a**2 - 7*a + 206. Determine b(9).
-181
Let u(m) = 6*m**2 - 209*m + 718. Give u(31).
5
Let b(h) = -2*h**3 + 696*h**2 - 696*h + 699. Determine b(347).
5
Let x(i) = -8*i + 320. Give x(38).
16
Let d(l) = 3*l + 174. Calculate d(-43).
45
Let z(n) = 11*n - 81. Give z(7).
-4
Let z(l) = l**2 + 43*l - 147. What is z(3)?
-9
Let k(s) = 10*s + 375. Calculate k(-33).
45
Let n(z) = -z**2 - 104*z + 1257. What is n(10)?
117
Let t(q) = -106*q - 1124. Give t(-10).
-64
Let g(u) = -82*u**2 + 10*u + 10. What is g(3)?
-698
Let u(z) = -z**2 - 50*z - 484. What is u(-27)?
137
Let r(l) = -6*l**2 + 4*l + 8. What is r(-3)?
-58
Let n(o) = o**3 + 13*o**2 - 464*o - 5708. Calculate n(-12).
4
Let d(w) = -5598*w + 22391. Give d(4).
-1
Let z(p) = 5*p + 148. Determine z(-8).
108
Let h(m) = -14371*m - 100603. What is h(-7)?
-6
Let i(z) = 4*z**2 - 88*z - 71. Give i(22).
-71
Let z(q) = q**2 + 383*q + 10296. Give z(-29).
30
Let y(n) = -327*n + 679. Calculate y(3).
-302
Let i(s) = s**2 + 15*s - 323. What is i(-28)?
41
Let q(l) = 8*l**3 + 134*l**2 - 33*l + 26. Determine q(-17).
9
Let v(x) = x**3 + 27*x**2 + 21*x + 29. What is v(-26)?
159
Let a(u) = u**3 - 9*u**2 + 23*u - 1. Give a(6).
29
Let i(s) = s**3 + 13*s**2 - 142*s - 4. What is i(7)?
-18
Let i(j) = -9*j**2 - 8*j + 49. Give i(3).
-56
Let j(p) = -54*p - 139. Give j(8).
-571
Let r(d) = -d**3 + 215*d**2 - 8691*d - 178. Calculate r(54).
-16
Let a(y) = 2481*y - 7339. Calculate a(3).
104
Let i(q) = -20*q**2 - 326*q + 78. What is i(-17)?
-160
Let c(w) = -1450*w - 5911. Give c(-4).
-111
Let t(b) = b**2 - 7*b + 3. Give t(-13).
263
Let k(j) = 3*j**3 - 49*j**2 - 97*j + 113. Calculate k(18).
-13
Let h(t) = -5*t**2 - 20*t - 31. Calculate h(0).
-31
Let t(p) = 3*p**3 - 28*p**2 + 30*p + 39. Calculate t(8).
23
Let v(r) = -3*r**2 + 11*r + 59. What is v(-4)?
-33
Let t(n) = 32*n**2 - 112*n + 223. What is t(2)?
127
Let q(a) = -a**3 + 10*a**2 - 322*a + 1568. Determine q(5).
83
Let i(p) = 28*p**2 - 541*p - 1190. Determine i(-2).
4
Let g(t) = t**2 + 5*t - 121. Determine g(9).
5
Let n(p) = -4*p**3 + 112*p**2 - p + 50. What is n(28)?
22
Let j(h) = 64*h - 40. Determine j(4).
216
Let y(n) = 2*n**3 - 320*n**2 + 943*n - 28. Give y(157).
129
Let b(h) = -664*h**2 + 11950*h + 9. What is b(18)?
-27
Let p(w) = w**3 - 23*w**2 + 29*w - 64. What is p(22)?
90
Let x(g) = g**3 - 121*g**2 + 414*g - 7079. Calculate x(118).
1
Let h(m) = 2179*m - 2144. Give h(1).
35
Let f(k) = -k**3 + 43*k**2 + 90*k + 115. Give f(45).
115
Let o(m) = 2*m**3 + 167*m**2 + 1006*m + 346. Give o(-77).
-39
Let j(q) = -q**3 + 28*q + 54. Calculate j(6).
6
Let i(a) = 573*a - 3435. What is i(6)?
3
Let s(i) = -i**3 - 8*i**2 + 36*i + 6. Determine s(-11).
-27
Let s(b) = 24*b - 87. Determine s(3).
-15
Let q(j) = -92*j**3 + 5*j**2 - 4*j - 8. Calculate q(-1).
93
Let x(c) = c**3 - c**2 + 4*c - 117. Give x(5).
3
Let p(d) = -4*d**2 + 24*d - 17. Calculate p(6).
-17
Let p(r) = 4*r**2 + 45*r + 126. What is p(-6)?
0
Let l(n) = -79*n - 5844. What is l(-74)?
2
Let v(o) = -4*o**2 - 43*o + 107. What is v(-13)?
-10
Let v(b) = 2*b**3 + 9*b**2 + b - 9. Calculate v(0).
-9
Let q(b) = -b**3 - 35*b**2 + 35*b + 74. Determine q(-36).
110
Let z(m) = 3*m**3 + 16*m**2 - 10*m + 12. Calculate z(-6).
0
Let a(g) = 2*g**2 - 275*g - 397. Calculate a(139).
20
Let q(d) = 23*d**2 + 23*d + 19. Determine q(0).
19
Let f(i) = -3*i**3 + 39*i**2 + 44*i - 22. Determine f(14).
6
Let k(g) = -185*g + 770. Give k(4).
30
Let z(y) = -y**2 - 41*y - 385. Calculate z(-21).
35
Let n(m) = -m**3 + 16*m**2 - 53*m + 30. Calculate n(12).
-30
Let f(l) = -1257*l + 15028. Calculate f(12).
-56
Let b(w) = -w**2 - 56*w + 1049. What is b(15)?
-16
Let n(s) = -205*s + 797. Calculate n(4).
-23
Let p(g) = 85*